4 + -1051 - (-5 + 0)?
-42
What is 11 + -74 + -27 - -44?
-46
What is the value of 67 - (-13 + -18 + 17 + 36)?
45
45 - 18 - (10 - (-10 + 4) - (0 + 8))
19
-2 + -6 + 10 - (19 + -8) - -7
-2
(-9 - -21) + (4 - 9) + (-3 - 3 - -18)
19
Evaluate 14258 + -14261 + (20 - -1) + -1 - -18.
35
What is the value of -259 + (-62 - -165) - -271?
115
What is the value of -30 + 31 + -10 + -42?
-51
What is the value of (822 - 753) + -1 + -39?
29
Evaluate (79 - 89 - (1 - (5 + 11))) + -107.
-102
What is the value of -36 - (-28 - 5) - -6 - -65?
68
What is the value of 4 - -2 - -1 - (5 - (-28 - -22 - 30))?
-34
What is 7 - (-13 - (22 - -75))?
117
What is the value of 2 + 0 - (-3 + (1 - 60) - (-268 + 254))?
50
What is the value of (14 - (-131 + 146 - (6 + 1))) + -27?
-21
What is the value of 14 + 4 + -6 + -133 + (2 - 3 - 1)?
-123
What is -6 + 10 + -25 + 12 - (25 + 16)?
-50
What is 18 - (-18 - 39) - 142?
-67
Evaluate -3 + (-11 - 0) + 0 + (-16 - -12).
-18
Evaluate 5 + (28 - (18 - 23)) + -18 - 72.
-52
Evaluate 37 + -12 + (50 - ((6 - -4) + 13)).
52
What is 6 + -1 + (278 - 76) + -232?
-25
What is the value of -15 + 54 + -37 - (-1 + 30)?
-27
Evaluate (-38 - -2 - -49) + -23.
-10
What is the value of -33 + 2 + (24 - 20) - (1 + 0 - -8)?
-36
What is the value of (105 - 1) + (-1502 - -1548) + -29?
121
What is the value of -179 + 176 + (-4 - 66)?
-73
What is (-22 + -5 + 23 - (5 + -2 + -10)) + -34?
-31
What is the value of 84 - -65 - 57 - 130?
-38
Evaluate 6 - (-9 - -6) - (142 - 79).
-54
(23 + 6 + -10 - 18) + 9 - -70
80
Calculate 17 + (-46 - -79 - 3).
47
Calculate 15 + -25 + (-20 - -19) - -24.
13
What is -29 - (-64 - -128 - 63)?
-30
(-15 - -10) + -2 + (-13 - -46) + -13 - 16
-3
Evaluate (8 - (2 + -14 + 9 + 6)) + -8 + -2.
-5
What is the value of (43 + -15 - 32 - 1) + -35?
-40
1 + -13 - ((-54 - (-18 - 9)) + 50)
-35
Calculate 103 + (20 - ((-20 - -6) + (5 - -21)) - 4).
107
Calculate (441 + -452 - ((1 - -1) + -11)) + -6 + 11.
3
46 + (-104 - -67 - -26) + (2 - (-10 + -1))
48
Calculate 3 + 141 + -546 + 481.
79
Calculate 65 + (-6 - (140 + -44)).
-37
What is the value of (75 - 45) + -33 + -6 + (55 - -4)?
50
Evaluate -9 + (-103 - ((-23 - -103) + -46)).
-146
What is -7 + 3 + 31 + 11 + 8 + (2 - 15)?
33
Calculate (19 - 2) + 25 + -8 + -19 + -28.
-13
What is the value of 0 + (-28 + 15 + 2 - -87 - 2)?
74
Evaluate (33 - (-38 - -61)) + (2 - 64) + (-5 - -7).
-50
Calculate (-48 - 34 - -37) + 84.
39
What is (38 - 30) + -5 - (9 + -87 + (1 - 7))?
87
What is -131 - ((105 - 196) + -138)?
98
What is 16 - -63 - (-142 + 232)?
-11
((19 - 12) + -2 - 3) + 20 + -2 + -2
18
What is -2 - -13 - ((8 - (12 + -12)) + -8 + -34)?
45
What is the value of -25 + (61 + -44 - 41)?
-49
33 - ((-10 - (-4 + -1)) + 4 + 7)
27
2 + 6 + -4 + 6 + -9 + -29
-28
-148 - (10 + -68 + -110)
20
Evaluate -4280 + 4279 + 14 + -13 + 1 + (-75 - 1).
-75
(-4 - 1) + -54 - (-15 + 28 + -10)
-62
Calculate -11 - (-7 - -8) - (-58 + (-17 - -33)).
30
What is -2742 + 2654 + (1 - -4)?
-83
Calculate -35 - (31 + -36 - (3 + -2 + 0)).
-29
What is 15 + (6 - 31) + 22 + (-2 - 20)?
-10
Calculate 30 + (49 - 69) - (-1 + -16).
27
Evaluate -104 + -3 + (9 - 16 - (-160 + 142)).
-96
What is the value of 9 - (10 + (-45 - -44))?
0
-39 + (-2 - -1) + -76 + 84
-32
-10 + (7 - (-74 - -69)) + -1 + 30
31
9 - ((-16 - -21) + -6) - (4 + 7)
-1
What is the value of 18 + -51 - (-159 - -164)?
-38
What is the value of -62 + 57 - ((9 - (-6 - -12)) + 2)?
-10
What is the value of 30 + -31 + -4 + -2 + (21 - 6) - -53?
61
3 - (88 - (-11 - 12) - (-8 + 23))
-93
Evaluate 2992 + -2988 - ((0 + -1 + 0 - 45) + 3).
47
Evaluate 633 + -890 - (-23 + -110).
-124
What is (-19 - 26) + (37 - -16)?
8
What is the value of -26 + -33 + 116 + -47?
10
Calculate 56 + (1 - 5 - (-263 - -268)).
47
12 + (-3 + 31 - 14) - -6
32
(-4 + 21 - -12) + (-1 + -3 - -17)
42
What is (-1050 + 1035 - (2 - 78)) + (15 + -1 - 1)?
74
Evaluate 140 + -161 + (-2 - 4) + 13.
-14
Calculate 0 + (9 - -1) + 0 + -1 + 1 + -4.
6
What is the value of -2903 + 2807 - (1 - 60)?
-37
Evaluate 151 + (-22 - (120 - 102)).
111
(130 - 215) + 48 + -9 + (0 - -3)
-43
What is the value of 1 + 3 - (-23 + -37 + 54) - (38 + -3)?
-25
What is -1 + (-33 - -6 - -19)?
-9
What is the value of (-1 - 2 - -15) + -36 + 61 + -28 + -7?
2
141 - (3 + (-3 - 4 - (0 - 32 - -31)))
144
Evaluate -73 + (4 - 14) + (7 - -1) + 0.
-75
Calculate 93 - 86 - (13 + 1 - 10).
3
What is (87 - 143) + 260 - 99?
105
Evaluate (81 - 43 - 20) + (-4 - -1) + -133.
-118
What is the value of 9 + (2732 - 2725) + 1 + -1 + -17?
-1
What is 1 - (-6 + 13 - 1) - (-44 + 31) - -18?
26
Evaluate (-12 - (-36 + 2 + 9)) + 4.
17
What is 16 + -15 + -7 + 38 + -45?
-13
What is the value of 21 + (22 - (12 + -6 + 17))?
20
What is 61 - 65 - (-33 + -7 + -1 - 2)?
39
What is the value of -49 + (-84 - -81) + 5 + 14?
-33
What is -79 - 3 - (-446 + 359)?
5
What is the value of (-392 - -449) + (-1 - 76)?
-20
What is 19 + -1 + -1 + 24 + -23 + -13?
5
Evaluate -188 + 196 - (-2 + 2 + 25).
-17
What is the value of -3 + 8 - (25 - (68 + -24))?
24
Evaluate 253 + -156 + -116 - (2 + -18).
-3
Evaluate -1 + 8 + -16 + 36 + 43 + -9.
61
6 + (10 - (29 - 9)) + 17
13
What is (-10 - 15) + (13 - -9) + 27?
24
4 + 0 + -43 + -26 + 70
5
17 + 12 + 4 - (162 + -147)
18
What is -9 - (61 - 32) - (2 - (3 - 4) - 3)?
-38
What is the value of 16 + -27 + (60 - 26)?
23
-11 + (27 - 0) + (-1 - -2 - 5)
12
What is the value of -1312 + 1278 + 12 + 0 + -60?
-82
Evaluate -1384 - -1253 - (-3 - 242).
114
(10 + 51 - 113) + 59
7
Evaluate -7 - (-48 - -73 - -30).
-62
Calculate -59 + -2 - (3 - 1) - (2482 + -2491).
-54
6 - (18 + -3 - (12 - 79 - -18))
-58
What is (41 - 1) + -343 + 351 + 23?
71
What is the value of -13 - -91 - (264 + -185)?
-1
What is the value of (50 - -43) + (-165 - -32)?
-40
Evaluate 7 + (24 - (9 + (-18 - (-19 + 14)))).
35
Calculate -11 + (14893 - 14899) + -15 + (-1 - (-1 - 0)).
-32
Evaluate -75 - ((32 - 155) + 8).
40
-51 - -10 - (2 - (-11 + 4) - 14)
-36
Calculate (198 - 200) + (82 - (-6 - -4)) - -1 - 7.
76
What is -186 + 199 + (1 - (20 - -3))?
-9
What is (554 - 464) + -76 + (-1 - (1 + -17))?
29
-2 - (-6 + (19 - (-4 + 12) - (-13 + 17)))
-3
-37 - (-4 + 5 + -8 + 10 + 2)
-42
Calculate (4 - -11) + 1 + 4 + -19.
1
0 + 2 + (101 + -104 - (3 + -12))
8
Calculate 1 - (-9 + 15 - 5) - (34 - 13).
-21
What is (-64 - -60 - 28) + (-11 - (-1 + -4))?
-38
What is the value of 31 + 13 + -31 - 30 - -25?
8
-4 + (1 - (34 + 8)) + -181 + 187
-39
(-57 - (-17 + 2)) + -4 + -27
-73
Calculate 82 + 1 + 29 + (26 + -101 - -28).
65
Calculate -2 - 69 - (-556 + 464).
21
-67 + 1 + (16 - (30 + (-51 - -26)))
-55
Evaluate 104 + -7 + 8 + -18 + 13 + 3.
103
What is the value of 46 - (-2 - (-5 + (-9 - 2 - (4 - 13))))?
41
What is the value of -6 + 13 - (43 + -45 + 2 + -13)?
20
Calculate 2 + (2 - -2) + 1032 + -1022.
16
What is 14 + (-2 - 10) + (-180 - -110)?
-68
What is 423 + -493 - (10 - 100)?
20
Evaluate -1 + -1 - -2 - -12 - (14 + 49 + -42).
-9
Calculate 6 - (-19 + (-15 - -9)).
31
What is 30 - 0 - ((-2 - -5) + (-3 + 6 - 8))?
32
Evaluate 36 + -50 + (-21 - -53) - (0 - 2).
20
Evaluate 74 - (1 - 6 - (17 + (-4 + -7 - 3))).
82
(69 + -36 - 36) + (-5 - -93) + -15
70
-42 + 5 + -23 + (1 - 1 - -10)
-50
What is 422 - 358 - (91 - -2)?
-29
What is -6 + (-26 + 38 - -9) - (28 - 3)?
-10
-84 + (13 - 22) - (-23 + 14)
-84
Evaluate (54 - (1 - -12 - (28 - 17))) + 9.
61
What is (14 - -12) + (-51 - -16) - 5 - (1 + -109)?
94
Evaluate -44 + (17 - 3 - (-36 - -47)).
-41
What is the value of 84 - (23 - 15 - -37)?
39
What is 1 - (8 - (-2 + (-11 - 2) + 30))?
8
What is the value of -6 - ((4 - (15 - 29)) + -1 + -10)?
-13
Calculate -16 + (-1 + -19 - (62 + -147)).
49
-28 + (10 - ((13 - -5) + -16))
-20
Calculate -55 - (-13 + 2 - (-30 + 17) - 15).
-42
Evaluate (455 - 484) + 77 + 2.
50
94 + -126 + 8 - 2
-26
What is the value of -30 + 0 + 73 + (29 - 107)?
-35
Evaluate -6 - -74 - (317 - 311).
62
-64 + (-14 - (-66 + 9))
-21
-55 - (-73 - -42) - 1
-25
What is the value of (9 - (-3 - -6) - -79) + (1076 - 1085)?
76
2 - -3 - (30 - 8) - (42 - 34)
-25
Evaluate 3 + -16 + 6 + 2 + 2 + -6 + -12.
-21
(-175 + 120 - (-3 + -15)) + (0 - -1) + -5
-41
What is the value of -18 + 87 + 10 - (-35 + 9)?
105
Evaluate (-24 - (-36 - -8) - 14) + 15.
5
Calculate 9 + (3 - (-22 - 2) - (-169 - -172)).
33
What is the value of -35 - ((-16 - 14) + 19)?
-24
What is (-24 - ((-23 - 17) + 22)) + -